prime factors of 215475.
3, 5, 13, 17
List the prime factors of 1242004.
2, 310501
What are the prime factors of 891318?
2, 3, 149, 997
List the prime factors of 364805.
5, 7, 1489
List the prime factors of 3186975.
3, 5, 11, 3863
What are the prime factors of 54434?
2, 17, 1601
What are the prime factors of 616290?
2, 3, 5, 20543
What are the prime factors of 1522748?
2, 199, 1913
List the prime factors of 2866232.
2, 358279
What are the prime factors of 2160575?
5, 86423
What are the prime factors of 2593601?
47, 139, 397
What are the prime factors of 33408564?
2, 3, 7, 397721
What are the prime factors of 25000639?
29, 877, 983
List the prime factors of 2410973.
29, 83137
What are the prime factors of 297859?
29, 10271
What are the prime factors of 83683?
67, 1249
List the prime factors of 14817765.
3, 5, 987851
List the prime factors of 140659.
140659
List the prime factors of 4644519.
3, 11, 17, 487
What are the prime factors of 18079747?
7, 199, 12979
List the prime factors of 48387.
3, 127
What are the prime factors of 206757?
3, 22973
List the prime factors of 286700.
2, 5, 47, 61
List the prime factors of 352626.
2, 3, 58771
List the prime factors of 188505.
3, 5, 59, 71
What are the prime factors of 576119?
576119
What are the prime factors of 107552?
2, 3361
List the prime factors of 274089.
3, 211, 433
List the prime factors of 810471.
3, 270157
List the prime factors of 411406.
2, 205703
What are the prime factors of 1206091?
653, 1847
List the prime factors of 6672115.
5, 1334423
List the prime factors of 37314.
2, 3, 691
List the prime factors of 6221.
6221
List the prime factors of 37168784.
2, 71, 32719
What are the prime factors of 12231410?
2, 5, 149, 8209
List the prime factors of 5923379.
7, 11, 43, 1789
List the prime factors of 173150.
2, 5, 3463
List the prime factors of 1346007.
3, 13, 34513
List the prime factors of 7344375.
3, 5, 3917
List the prime factors of 5492821.
5492821
What are the prime factors of 375962?
2, 317, 593
List the prime factors of 3722548.
2, 930637
What are the prime factors of 605445?
3, 5, 181, 223
List the prime factors of 367220.
2, 5, 7, 43, 61
What are the prime factors of 19842925?
5, 793717
List the prime factors of 96296.
2, 12037
What are the prime factors of 508429?
53, 181
What are the prime factors of 170846?
2, 13, 6571
What are the prime factors of 101151?
3, 11239
List the prime factors of 1753899.
3, 7, 47, 1777
List the prime factors of 1783451.
271, 6581
What are the prime factors of 3738280?
2, 5, 7, 13, 79
What are the prime factors of 2057512?
2, 257189
What are the prime factors of 1089614?
2, 544807
What are the prime factors of 16235188?
2, 4058797
List the prime factors of 7218249.
3, 2406083
List the prime factors of 1239354.
2, 3, 59, 389
List the prime factors of 19336073.
229, 84437
List the prime factors of 5246952.
2, 3, 218623
List the prime factors of 1176093.
3, 43, 1013
List the prime factors of 381627.
3, 42403
What are the prime factors of 29700825?
3, 5, 7, 11, 37, 139
What are the prime factors of 284245?
5, 13, 4373
What are the prime factors of 630834?
2, 3, 47, 2237
What are the prime factors of 179986?
2, 31, 2903
List the prime factors of 746304.
2, 3, 13, 23
What are the prime factors of 18046364?
2, 7, 644513
What are the prime factors of 637147?
7, 13003
What are the prime factors of 63468?
2, 3, 41, 43
What are the prime factors of 523790?
2, 5, 52379
What are the prime factors of 318402?
2, 3, 7, 19
What are the prime factors of 45158?
2, 67, 337
What are the prime factors of 1350430?
2, 5, 135043
What are the prime factors of 9603152?
2, 13, 137, 337
What are the prime factors of 5235512?
2, 654439
List the prime factors of 6921242.
2, 853, 4057
What are the prime factors of 5390762?
2, 13, 41, 389
What are the prime factors of 8340765?
3, 5, 556051
List the prime factors of 22261116.
2, 3, 1855093
List the prime factors of 323352.
2, 3, 499
What are the prime factors of 1529749?
13, 117673
What are the prime factors of 12956816?
2, 809801
List the prime factors of 2274376.
2, 13, 19, 1151
List the prime factors of 702993.
3, 234331
What are the prime factors of 136384?
2, 2131
What are the prime factors of 1483543?
43, 34501
List the prime factors of 937988.
2, 421, 557
List the prime factors of 4095761.
227, 18043
List the prime factors of 12128065.
5, 2425613
List the prime factors of 1051109.
449, 2341
What are the prime factors of 4166398?
2, 2083199
List the prime factors of 3729797.
3729797
List the prime factors of 374119.
17, 59, 373
What are the prime factors of 62092?
2, 19, 43
What are the prime factors of 23737847?
7, 31, 109391
List the prime factors of 303029.
303029
What are the prime factors of 325066?
2, 7, 31, 107
List the prime factors of 1472199.
3, 490733
What are the prime factors of 26468523?
3, 2940947
What are the prime factors of 1570227?
3, 89, 5881
What are the prime factors of 20592488?
2, 7, 269, 1367
List the prime factors of 1185413.
61, 19433
List the prime factors of 22839287.
173, 132019
What are the prime factors of 702538?
2, 351269
List the prime factors of 8735548.
2, 641, 3407
List the prime factors of 698768.
2, 7, 17, 367
List the prime factors of 25196660.
2, 5, 19, 61, 1087
List the prime factors of 10228857.
3, 257, 13267
What are the prime factors of 923328?
2, 3, 7, 229
List the prime factors of 3216479.
7, 163, 2819
List the prime factors of 600653.
197, 3049
What are the prime factors of 760400?
2, 5, 1901
List the prime factors of 1530532.
2, 31, 12343
What are the prime factors of 13293090?
2, 3, 5, 127, 1163
List the prime factors of 213635.
5, 42727
What are the prime factors of 417618?
2, 3, 23201
What are the prime factors of 379118?
2, 189559
List the prime factors of 333076.
2, 83269
List the prime factors of 843554.
2, 197, 2141
List the prime factors of 4343537.
11, 35897
What are the prime factors of 867919?
13, 66763
What are the prime factors of 409127?
19, 61, 353
List the prime factors of 586516.
2, 7, 20947
What are the prime factors of 2637926?
2, 1318963
List the prime factors of 160337.
223, 719
List the prime factors of 401875.
5, 643
List the prime factors of 68621.
7, 9803
List the prime factors of 1258706.
2, 59, 10667
What are the prime factors of 7866194?
2, 7, 61, 151
List the prime factors of 441825.
3, 5, 43, 137
List the prime factors of 87933.
3, 29311
What are the prime factors of 3221828?
2, 293, 2749
What are the prime factors of 37904473?
151, 173, 1451
List the prime factors of 523308.
2, 3, 43609
What are the prime factors of 1615855?
5, 19, 73, 233
What are the prime factors of 164101?
7, 17, 197
List the prime factors of 7185568.
2, 13, 23, 751
List the prime factors of 4019447.
4019447
List the prime factors of 2786572.
2, 17, 43, 953
List the prime factors of 258770.
2, 5, 113, 229
List the prime factors of 246998.
2, 123499
What are the prime factors of 254630?
2, 5, 25463
List the prime factors of 4011166.
2, 19, 105557
List the prime factors of 28922740.
2, 5, 7, 11, 2683
What are the prime factors of 16315452?
2, 3, 19, 7951
What are the prime factors of 1074548?
2, 268637
What are the prime factors of 19403813?
11, 13, 29, 4679
What are the prime factors of 933872?
2, 58367
What are the prime factors of 4628540?
2, 5, 7, 4723
What are the prime factors of 32654810?
2, 5, 587, 5563
What are the prime factors of 6826958?
2, 181, 18859
List the prime factors of 234108.
2, 3, 7, 929
List the prime factors of 209027.
7, 13, 2297
What are the prime factors of 123617?
13, 37, 257
What are the prime factors of 20593?
20593
List the prime factors of 5722377.
3, 23, 239, 347
What are the prime factors of 1584176?
2, 11, 9001
List the prime factors of 730688.
2, 7, 233
List the prime factors of 5315342.
2, 2657671
What are the prime factors of 11553741?
3, 199, 6451
What are the prime factors of 1688480?
2, 5, 61, 173
List the prime factors of 15487905.
3, 5, 1032527
What are the prime factors of 10198336?
2, 159349
List the prime factors of 1424560.
2, 5, 17807
What are the prime factors of 153594?
2, 3, 7, 23, 53
What are the prime factors of 245061?
3, 73, 373
List the prime factors of 2554101.
3, 11, 25799
List the prime factors of 34209021.
3, 7, 11, 14